der when 4067 is divided by 4037?
30
What is the remainder when 1364 is divided by 554?
256
Calculate the remainder when 35170 is divided by 8784.
34
Calculate the remainder when 3554 is divided by 24.
2
Calculate the remainder when 8718 is divided by 944.
222
Calculate the remainder when 3213 is divided by 462.
441
Calculate the remainder when 3990 is divided by 58.
46
Calculate the remainder when 82207 is divided by 562.
155
What is the remainder when 760566 is divided by 87?
12
What is the remainder when 18972 is divided by 240?
12
What is the remainder when 195 is divided by 22?
19
Calculate the remainder when 8125 is divided by 591.
442
What is the remainder when 1076 is divided by 191?
121
Calculate the remainder when 68896 is divided by 68890.
6
What is the remainder when 88653 is divided by 24?
21
Calculate the remainder when 52817 is divided by 34.
15
Calculate the remainder when 3508721 is divided by 15.
11
What is the remainder when 23527 is divided by 979?
31
What is the remainder when 4148 is divided by 1313?
209
Calculate the remainder when 7221 is divided by 1772.
133
What is the remainder when 338303 is divided by 61?
58
What is the remainder when 2908833 is divided by 12?
9
What is the remainder when 15187 is divided by 480?
307
What is the remainder when 555 is divided by 303?
252
What is the remainder when 2928 is divided by 112?
16
What is the remainder when 3303 is divided by 376?
295
What is the remainder when 19203 is divided by 26?
15
Calculate the remainder when 336714 is divided by 3.
0
What is the remainder when 290731 is divided by 216?
211
What is the remainder when 76979 is divided by 3656?
203
Calculate the remainder when 22462 is divided by 3734.
58
What is the remainder when 3166 is divided by 1025?
91
What is the remainder when 56418 is divided by 794?
44
What is the remainder when 4402 is divided by 1806?
790
Calculate the remainder when 61954 is divided by 4765.
9
What is the remainder when 5439 is divided by 910?
889
What is the remainder when 39214 is divided by 172?
170
Calculate the remainder when 896722 is divided by 448345.
32
What is the remainder when 1208 is divided by 33?
20
What is the remainder when 690 is divided by 689?
1
What is the remainder when 11336 is divided by 218?
0
Calculate the remainder when 21485 is divided by 1789.
17
Calculate the remainder when 21265 is divided by 39.
10
Calculate the remainder when 22175 is divided by 12.
11
Calculate the remainder when 154852 is divided by 52.
48
What is the remainder when 13142 is divided by 13?
12
Calculate the remainder when 13061 is divided by 6527.
7
What is the remainder when 3485 is divided by 7?
6
Calculate the remainder when 997147 is divided by 663.
658
Calculate the remainder when 10006 is divided by 589.
582
Calculate the remainder when 687470 is divided by 24.
14
What is the remainder when 2450 is divided by 1085?
280
What is the remainder when 11723 is divided by 70?
33
Calculate the remainder when 8270 is divided by 591.
587
Calculate the remainder when 200892 is divided by 227.
224
What is the remainder when 5370 is divided by 5341?
29
What is the remainder when 3718 is divided by 419?
366
Calculate the remainder when 254127 is divided by 56.
55
Calculate the remainder when 2510 is divided by 4.
2
What is the remainder when 46358 is divided by 42?
32
Calculate the remainder when 45397 is divided by 454.
451
What is the remainder when 26245 is divided by 656?
5
Calculate the remainder when 7099 is divided by 171.
88
Calculate the remainder when 3346 is divided by 52.
18
What is the remainder when 138211 is divided by 764?
691
Calculate the remainder when 84551 is divided by 271.
270
Calculate the remainder when 22419 is divided by 167.
41
What is the remainder when 1299 is divided by 91?
25
Calculate the remainder when 2529 is divided by 1130.
269
Calculate the remainder when 7471 is divided by 27.
19
What is the remainder when 65258 is divided by 74?
64
What is the remainder when 2162 is divided by 720?
2
What is the remainder when 1250 is divided by 317?
299
What is the remainder when 3150 is divided by 786?
6
What is the remainder when 13078 is divided by 109?
107
Calculate the remainder when 5460 is divided by 415.
65
What is the remainder when 24765 is divided by 258?
255
What is the remainder when 7956 is divided by 59?
50
Calculate the remainder when 2516 is divided by 99.
41
Calculate the remainder when 63926 is divided by 7990.
6
Calculate the remainder when 86560 is divided by 116.
24
What is the remainder when 485559 is divided by 22?
19
Calculate the remainder when 8191 is divided by 630.
1
Calculate the remainder when 882 is divided by 294.
0
What is the remainder when 29309 is divided by 1645?
1344
What is the remainder when 75352 is divided by 35?
32
Calculate the remainder when 2891 is divided by 400.
91
What is the remainder when 546 is divided by 144?
114
What is the remainder when 1195777 is divided by 7336?
9
What is the remainder when 101498 is divided by 10?
8
Calculate the remainder when 8534 is divided by 407.
394
What is the remainder when 34088 is divided by 8521?
4
What is the remainder when 47572 is divided by 1059?
976
What is the remainder when 6012 is divided by 1900?
312
Calculate the remainder when 10034 is divided by 130.
24
Calculate the remainder when 838 is divided by 375.
88
What is the remainder when 7875213 is divided by 816?
813
What is the remainder when 6912 is divided by 799?
520
What is the remainder when 6752 is divided by 301?
130
What is the remainder when 208962 is divided by 166?
134
Calculate the remainder when 87198 is divided by 35.
13
Calculate the remainder when 22812 is divided by 97.
17
Calculate the remainder when 3229 is divided by 75.
4
What is the remainder when 122 is divided by 60?
2
What is the remainder when 12931 is divided by 8?
3
Calculate the remainder when 2125 is divided by 772.
581
Calculate the remainder when 4948 is divided by 45.
43
Calculate the remainder when 3582 is divided by 3301.
281
Calculate the remainder when 4202 is divided by 325.
302
What is the remainder when 59911 is divided by 251?
173
Calculate the remainder when 2909 is divided by 776.
581
Calculate the remainder when 480939 is divided by 66.
63
Calculate the remainder when 287 is divided by 245.
42
What is the remainder when 3387 is divided by 1094?
105
What is the remainder when 3992 is divided by 167?
151
What is the remainder when 11749 is divided by 117?
49
What is the remainder when 17724 is divided by 32?
28
Calculate the remainder when 6042 is divided by 5521.
521
What is the remainder when 129915 is divided by 14?
9
What is the remainder when 4248 is divided by 93?
63
Calculate the remainder when 40483 is divided by 40465.
18
What is the remainder when 16930 is divided by 8460?
10
Calculate the remainder when 616028 is divided by 337.
329
What is the remainder when 26283 is divided by 57?
6
Calculate the remainder when 428523 is divided by 61.
59
Calculate the remainder when 14546 is divided by 28.
14
What is the remainder when 12044 is divided by 12040?
4
What is the remainder when 117627 is divided by 58764?
99
What is the remainder when 7425 is divided by 26?
15
What is the remainder when 81623 is divided by 952?
703
What is the remainder when 12180 is divided by 5998?
184
Calculate the remainder when 14231 is divided by 11.
8
Calculate the remainder when 14874 is divided by 4877.
243
Calculate the remainder when 285 is divided by 222.
63
What is the remainder when 2650 is divided by 2628?
22
What is the remainder when 833 is divided by 103?
9
Calculate the remainder when 168700 is divided by 9.
4
What is the remainder when 458529 is divided by 16376?
1
Calculate the remainder when 32447 is divided by 48.
47
What is the remainder when 8034 is divided by 1334?
30
Calculate the remainder when 8534 is divided by 131.
19
What is the remainder when 15117 is divided by 72?
69
Calculate the remainder when 523056 is divided by 9.
3
What is the remainder when 148 is divided by 38?
34
What is the remainder when 3516 is divided by 1042?
390
What is the remainder when 374491 is divided by 62415?
1
Calculate the remainder when 84562 is divided by 65.
62
Calculate the remainder when 54